{"id":1134,"date":"2024-02-01T11:10:18","date_gmt":"2024-02-01T10:10:18","guid":{"rendered":"https:\/\/www1.vah-graz.com\/?page_id=1134"},"modified":"2025-02-27T18:25:02","modified_gmt":"2025-02-27T17:25:02","slug":"akkreditierung-2","status":"publish","type":"page","link":"https:\/\/www1.vah-graz.com\/?page_id=1134","title":{"rendered":"Akkreditierung"},"content":{"rendered":"<div class=\"wp-block-image is-style-default\">\n<figure class=\"aligncenter size-medium\"><img loading=\"lazy\" decoding=\"async\" width=\"300\" height=\"293\" src=\"https:\/\/www1.vah-graz.com\/wp-content\/uploads\/2024\/01\/VAH_Logo_0107_17025-T_640x625-300x293.png\" alt=\"Akkreditierung VAH Logo 107\" class=\"wp-image-1138\" srcset=\"https:\/\/www1.vah-graz.com\/wp-content\/uploads\/2024\/01\/VAH_Logo_0107_17025-T_640x625-300x293.png 300w, https:\/\/www1.vah-graz.com\/wp-content\/uploads\/2024\/01\/VAH_Logo_0107_17025-T_640x625.png 640w\" sizes=\"auto, (max-width: 300px) 100vw, 300px\" \/><\/figure><\/div>\n\n\n<p><\/p>\n\n\n\n<p>Die Versuchsanstalt f\u00fcr Hochspannungstechnik Graz GmbH wurde erstmals mit 01.05.2000 mit Bescheid GZ 92714\/13-IV\/9\/00, aktuell GZ 2025-0.056.619 gem\u00e4\u00df ISO\/IEC 17025 als Pr\u00fcfstelle mit der Identifikationsnummer 0107 von der Akkreditierung Austria f\u00fcr die im Bescheid angef\u00fchrten und unter <a href=\"https:\/\/akkreditierung-austria.gv.at\/overview\" data-type=\"URL\" data-id=\"https:\/\/akkreditierung-austria.gv.at\/overview\" target=\"_blank\" rel=\"noreferrer noopener\">akkreditierung-austria.gv.at<\/a> ver\u00f6ffentlichten Bereiche akkreditiert (bitte \u201eVersuchsanstalt f\u00fcr Hochspannungstechnik\u201c oder &#8222;0107&#8220; in Suchfeld eingeben).<\/p>\n\n\n\n<p>N\u00e4here Informationen zur Akkreditierung:<\/p>\n\n\n\n<p><a href=\"https:\/\/www.bmaw.gv.at\/Services\/Akkreditierung.html\" data-type=\"URL\" data-id=\"https:\/\/www.bmaw.gv.at\/Services\/Akkreditierung.html\" target=\"_blank\" rel=\"noreferrer noopener\">bmaw \/ Akkreditierung<\/a><\/p>\n\n\n\n<h2 class=\"wp-block-heading has-text-align-center\">Akkreditierungsbest\u00e4tigung<\/h2>\n\n\n\n<div class=\"wp-block-columns is-layout-flex wp-container-core-columns-is-layout-9d6595d7 wp-block-columns-is-layout-flex\">\n<div class=\"wp-block-column is-layout-flow wp-block-column-is-layout-flow\" style=\"flex-basis:33.34%\"><\/div>\n\n\n\n<div class=\"wp-block-column is-layout-flow wp-block-column-is-layout-flow\" style=\"flex-basis:33.34%\">\n<figure data-wp-context=\"{&quot;imageId&quot;:&quot;69e2d8a83524c&quot;}\" data-wp-interactive=\"core\/image\" class=\"wp-block-image size-full wp-lightbox-container\"><img loading=\"lazy\" decoding=\"async\" width=\"2480\" height=\"3507\" data-wp-class--hide=\"state.isContentHidden\" data-wp-class--show=\"state.isContentVisible\" data-wp-init=\"callbacks.setButtonStyles\" data-wp-on-async--click=\"actions.showLightbox\" data-wp-on-async--load=\"callbacks.setButtonStyles\" data-wp-on-async-window--resize=\"callbacks.setButtonStyles\" src=\"https:\/\/www1.vah-graz.com\/wp-content\/uploads\/2025\/02\/Akkreditierungsurkunde_2025.png\" alt=\"Akkreditierungsurkunde 2025\" class=\"wp-image-1185\" srcset=\"https:\/\/www1.vah-graz.com\/wp-content\/uploads\/2025\/02\/Akkreditierungsurkunde_2025.png 2480w, https:\/\/www1.vah-graz.com\/wp-content\/uploads\/2025\/02\/Akkreditierungsurkunde_2025-212x300.png 212w, https:\/\/www1.vah-graz.com\/wp-content\/uploads\/2025\/02\/Akkreditierungsurkunde_2025-724x1024.png 724w, https:\/\/www1.vah-graz.com\/wp-content\/uploads\/2025\/02\/Akkreditierungsurkunde_2025-768x1086.png 768w, https:\/\/www1.vah-graz.com\/wp-content\/uploads\/2025\/02\/Akkreditierungsurkunde_2025-1086x1536.png 1086w, https:\/\/www1.vah-graz.com\/wp-content\/uploads\/2025\/02\/Akkreditierungsurkunde_2025-1448x2048.png 1448w\" sizes=\"auto, (max-width: 2480px) 100vw, 2480px\" \/><button\n\t\t\tclass=\"lightbox-trigger\"\n\t\t\ttype=\"button\"\n\t\t\taria-haspopup=\"dialog\"\n\t\t\taria-label=\"Vergr\u00f6\u00dfern\"\n\t\t\tdata-wp-init=\"callbacks.initTriggerButton\"\n\t\t\tdata-wp-on-async--click=\"actions.showLightbox\"\n\t\t\tdata-wp-style--right=\"state.imageButtonRight\"\n\t\t\tdata-wp-style--top=\"state.imageButtonTop\"\n\t\t>\n\t\t\t<svg xmlns=\"http:\/\/www.w3.org\/2000\/svg\" width=\"12\" height=\"12\" fill=\"none\" viewBox=\"0 0 12 12\">\n\t\t\t\t<path fill=\"#fff\" d=\"M2 0a2 2 0 0 0-2 2v2h1.5V2a.5.5 0 0 1 .5-.5h2V0H2Zm2 10.5H2a.5.5 0 0 1-.5-.5V8H0v2a2 2 0 0 0 2 2h2v-1.5ZM8 12v-1.5h2a.5.5 0 0 0 .5-.5V8H12v2a2 2 0 0 1-2 2H8Zm2-12a2 2 0 0 1 2 2v2h-1.5V2a.5.5 0 0 0-.5-.5H8V0h2Z\" \/>\n\t\t\t<\/svg>\n\t\t<\/button><\/figure>\n<\/div>\n\n\n\n<div class=\"wp-block-column is-layout-flow wp-block-column-is-layout-flow\" style=\"flex-basis:33.33%\"><\/div>\n<\/div>\n\n\n\n<p><\/p>\n","protected":false},"excerpt":{"rendered":"<p>Die Versuchsanstalt f\u00fcr Hochspannungstechnik Graz GmbH wurde erstmals mit 01.05.2000 mit Bescheid GZ 92714\/13-IV\/9\/00, aktuell GZ 2025-0.056.619 gem\u00e4\u00df ISO\/IEC 17025 als Pr\u00fcfstelle mit der Identifikationsnummer 0107 von der Akkreditierung Austria f\u00fcr die im Bescheid angef\u00fchrten und unter akkreditierung-austria.gv.at ver\u00f6ffentlichten Bereiche akkreditiert (bitte \u201eVersuchsanstalt f\u00fcr Hochspannungstechnik\u201c oder &#8222;0107&#8220; in Suchfeld eingeben). N\u00e4here Informationen zur Akkreditierung: bmaw&#8230; <\/p>\n<div class=\"link-more\"><a href=\"https:\/\/www1.vah-graz.com\/?page_id=1134\">Weiterlesen<\/a><\/div>\n","protected":false},"author":1,"featured_media":0,"parent":0,"menu_order":0,"comment_status":"closed","ping_status":"closed","template":"","meta":{"footnotes":""},"class_list":["post-1134","page","type-page","status-publish","hentry"],"_links":{"self":[{"href":"https:\/\/www1.vah-graz.com\/index.php?rest_route=\/wp\/v2\/pages\/1134","targetHints":{"allow":["GET"]}}],"collection":[{"href":"https:\/\/www1.vah-graz.com\/index.php?rest_route=\/wp\/v2\/pages"}],"about":[{"href":"https:\/\/www1.vah-graz.com\/index.php?rest_route=\/wp\/v2\/types\/page"}],"author":[{"embeddable":true,"href":"https:\/\/www1.vah-graz.com\/index.php?rest_route=\/wp\/v2\/users\/1"}],"replies":[{"embeddable":true,"href":"https:\/\/www1.vah-graz.com\/index.php?rest_route=%2Fwp%2Fv2%2Fcomments&post=1134"}],"version-history":[{"count":15,"href":"https:\/\/www1.vah-graz.com\/index.php?rest_route=\/wp\/v2\/pages\/1134\/revisions"}],"predecessor-version":[{"id":1213,"href":"https:\/\/www1.vah-graz.com\/index.php?rest_route=\/wp\/v2\/pages\/1134\/revisions\/1213"}],"wp:attachment":[{"href":"https:\/\/www1.vah-graz.com\/index.php?rest_route=%2Fwp%2Fv2%2Fmedia&parent=1134"}],"curies":[{"name":"wp","href":"https:\/\/api.w.org\/{rel}","templated":true}]}}